d**3 + 3*d**2 + 2*d. Let m be b(-1). Let g = m - 180. Determine f(g).
6
Let h(m) = -73*m - 21. Let f(n) = 195*n + 63. Let i(u) = 3*f(u) + 8*h(u). Determine i(10).
31
Let n be (12/(-10))/((-9)/30). Let p = -55 + 56. Let s = p - n. Let z(c) = -c**2 - 6*c - 2. Determine z(s).
7
Let y(m) = 10*m**3 - m + 1. Let i(v) = -v**3 + 14*v**2 - 32*v - 7. Let k be i(11). Suppose 55 = k*u + 7*u. Let l be -2 + (-1 - -4)/(5/u). What is y(l)?
10
Let m(l) be the first derivative of l**5/60 + l**4/3 + l**3/3 - l**2 + 2. Let a(b) be the second derivative of m(b). Let f = 15339 + -15348. What is a(f)?
11
Suppose 0 = -40*o + 65*o - 297*o - 1632. Let g(q) = -4*q**2 - 5*q + 16. What is g(o)?
-98
Let d(k) be the second derivative of k**6/360 + k**5/30 - k**4/6 + 47*k**3/6 + 21*k. Let l(g) be the second derivative of d(g). Calculate l(-3).
-7
Let w = -120343 + 120352. Let d(i) = i - 7. Let h(m) = 3*m - 15. Let u(j) = -5*d(j) + 2*h(j). Determine u(w).
14
Let n(k) = 6*k**2 - 441*k + 439*k - k**3 - 9 + 2*k**2. Suppose 0 = 4*d + 3*w - 34, 13 + 17 = 4*d + w. Determine n(d).
26
Let w(c) = 5*c**3 + c**2 + c - 1. Let m(d) = 33*d**3 + 2*d**2 + 7*d - 12. Let t(b) = -m(b) + 6*w(b). What is t(3)?
-42
Let k = -46 - -61. Let m(v) = v**2 - 16*v + 13. Let u be m(k). Let w be u/4*(-4 + 0) - 0. Let y(f) = -f**2 + f - 2. Give y(w).
-4
Suppose 115 = 22*r + 27. Let i(y) = -r - 4*y + 0*y + 0 + 3 + 3*y. Let t = -1 - 0. Give i(t).
0
Let m be 646/57*(-66)/4. Let h = -181 - m. Let b(u) = -u**3 + 7*u**2 - 6*u - 1. Give b(h).
-1
Let c(o) = -o**3 + 23*o**2 - 20*o - 45. Let a be c(22). Let y be a + 2*414/6. Let h = 135 - y. Let j(b) = b**3 + 2*b**2 + 3*b. What is j(h)?
-6
Let o = 4347 - 4345. Let p(m) be the third derivative of 0*m - 1/40*m**6 - 1/30*m**5 + 0*m**4 + 1/6*m**3 + 0 - 14*m**o. Determine p(1).
-4
Let k(r) be the first derivative of -2*r**3/3 - 7*r**2 - 22*r + 1575. What is k(-3)?
2
Suppose -12 = -4*t - 3*i, 3*t - 4*i - 30 = -i. Let s(z) be the second derivative of 1/3*z**3 + z + 1/20*z**5 + 21 - 3*z**2 - 1/2*z**4. Calculate s(t).
6
Let a be (6/40)/((-87)/(-348)) + 1068/(-30). Let t(d) = 2*d + 68. Give t(a).
-2
Let i = -5207 - -5207. Let d(k) be the second derivative of -5/6*k**3 + i - 18*k + 3/2*k**2. Give d(2).
-7
Let j(i) be the first derivative of -i**2/2 + 4*i + 6056. Suppose -2*q + f = 23 - 7, 2*q - 3*f + 24 = 0. Let t = q + 1. Calculate j(t).
9
Let n(d) = d**3 - 4*d**2 - 6*d + 6. Let p be n(5). Let u(q) be the third derivative of -1/20*q**5 + 19 - q**2 - 1/12*q**4 + 0*q + 1/6*q**3. Give u(p).
-4
Let l(o) be the second derivative of -2/3*o**3 - 3 - o**2 + 18*o. Suppose 5*u - 4 + 21 = -c, 0 = -4*c - 2*u - 14. Calculate l(c).
6
Suppose s + 2*l = -12, s + 58*l = 55*l - 19. Let p(k) = 12*k - 23. Calculate p(s).
1
Let t(c) be the third derivative of -c**5/60 + 5*c**4/24 + 2*c**3/3 + 12879*c**2. Suppose 2*a = 3*b + 2 - 13, -4*a = -4*b + 12. Give t(b).
4
Let n(b) be the second derivative of 13*b**4/12 - b**3/6 + b**2/2 - 975*b. Calculate n(1).
13
Let j(o) = o**3 + 2*o**2 + 2*o - 5. Let f(k) = 414*k - 2484. Let x be f(6). What is j(x)?
-5
Suppose 43 = -10*w + 3. Let r be (11 - (-42)/w)/((-2)/(-16)). Let i(s) = -2*s + 5. Calculate i(r).
-3
Let x(g) = -6*g - 3. Suppose -p + 5*y = 387, 194 = -2*p + 4*y - 580. Let i = -389 - p. Determine x(i).
9
Let f(s) be the third derivative of -s**5/10 + 11*s**4/24 - s**3/6 + 4773*s**2. Give f(2).
-3
Let p(h) = -h - 9. Suppose 5*y + 27 = 2*m + 2, -m = -y - 5. Suppose 2*d - 6 = m, -2*d - 18 = 3*v - 6*v. Calculate p(v).
-17
Let g(c) = 718*c - 1433*c + 707*c - 8. Let p(y) = 15*y + 3. Let q(z) = -6*z - 1. Let m(n) = -5*p(n) - 12*q(n). Let u(a) = 4*g(a) - 11*m(a). Calculate u(5).
6
Let v(l) = l**2 - 4*l - 9. Let k be v(-2). Suppose -k*s - 21 = 3*q + 2*s, -10 = 2*q + 2*s. Let a(g) = 10*g**2 - 2*g - 1. Calculate a(q).
43
Suppose -2*q + 1 = 45*x - 44*x, q + 3*x = 13. Let f(s) = 25*s + 7. Calculate f(q).
-43
Let q(j) be the first derivative of -j**5/20 + j**3/6 - 25*j**2/2 + 11*j - 44. Let d(h) be the first derivative of q(h). Give d(0).
-25
Let l = 68 - 22. Let n = l + -43. Let x(t) = 31*t + 3 - 29*t + 13*t**2 - 16*t**2. What is x(n)?
-18
Let i be 8 + -5 + 2 - 10 - -7. Let a(u) = -7*u + 10 - 78*u**2 + i*u + 77*u**2 - u. Give a(-7).
3
Let n(i) be the third derivative of i**6/120 - i**5/2 + 31*i**4/24 - 32*i**3/3 + 1148*i**2. Give n(29).
-6
Let i(g) be the third derivative of -g**5/60 - g**4/24 - 2*g**3/3 - g**2. Let r(s) = 4*s - 40. Suppose 79 + 11 = 9*m. Let t be r(m). What is i(t)?
-4
Let z(n) = n**3 + n + 1. Let a(c) = -c**3 - 6*c**2 - 2. Let h(y) = a(y) + 2*z(y). Suppose 0 = -p + 3, 2*m = -m + p + 9. Give h(m).
-24
Let t be -6 + 0 + 15 + (-7 - 2). Let o(b) = 4*b**2 - 5*b - 53. Let p(m) = m**2 - m - 13. Let q(w) = -2*o(w) + 9*p(w). Give q(t).
-11
Let o(c) = -c**2 + 7*c + 1. Let h(b) = 5*b**2 - 11*b + 69. Let r(n) = h(n) + 4*o(n). Give r(-10).
3
Let h(a) = 3*a**2 + 16*a - 38. Let q(t) = t**2 + 5*t - 13. Let d(x) = 9*x + 118. Let n be d(-14). Let m(z) = n*q(z) + 3*h(z). Determine m(-10).
10
Let v(h) = -3*h + 6. Suppose -2*p = 3*j - 3, -p - 5*j + 15 = 4*p. Let g be (-2 - -1)/((-124)/20 + p). Calculate v(g).
-9
Let d(t) = t**3 - 14*t**2 - 2*t + 26. Let w be d(13). Let y = 174 + w. Let z(k) = 6 + 5*k - 2 - 2*k. What is z(y)?
19
Let b(n) = 0*n + 7065*n**2 + 2 + 7067*n**2 - n**3 - 2*n - 14132*n**2. Calculate b(1).
-1
Let l be ((-9)/(-6))/(3/(-4)). Let b be (-2)/3*(l + -1). Suppose 6 = -2*m + b. Let w(n) = 5*n + 1. What is w(m)?
-9
Let x(b) = b - 10. Let f(u) = u - 10. Let g(l) = -5*f(l) + 6*x(l). Let r be (144/60)/((-2)/(-15)). Suppose 2 = 4*v - r. What is g(v)?
-5
Let x = 26604 + -26587. Let l(q) = -23*q + 376. What is l(x)?
-15
Let w(u) be the second derivative of -u**6/180 - u**5/120 + u**4/8 + 31*u**3/3 - 46*u. Let g(p) be the second derivative of w(p). Give g(-3).
-12
Suppose -5 = -9*t + 5*t + n, -4*t = -5*n + 7. Let o(f) = -t - 1142*f - f**3 - 2 + 1141*f - 6*f**2. Determine o(-6).
2
Let i(o) = o**2 - 2*o - 5. Let b be i(4). Let a(r) be the third derivative of -r**2 - 1/24*r**4 + 0*r**3 + 1/60*r**5 + 0*r + 1. Give a(b).
6
Suppose -26 = 2*b + 5*x - 0*x, 0 = 5*b - 2*x + 7. Let p(a) = 0 + 362*a - 2 - 364*a. Let w(g) = -2*g - 2. Let z(q) = p(q) - 2*w(q). What is z(b)?
-4
Let i be (32/2)/(-2) - -8. Let k(p) = 1 - 4 + 2 + i - p - 5. Calculate k(-2).
-4
Let m = -1 + 1. Let n(h) = -64*h**2 - 54*h - 177. Let x(p) = -19*p**2 - 16*p - 53. Let r(f) = 8*n(f) - 27*x(f). Calculate r(m).
15
Let x = -12818 + 12817. Let d(v) = -91*v**3 - 3*v**2 - 2*v. Calculate d(x).
90
Let b(t) = -t**3 - 9*t**2 + 27*t + 6. Let l be ((-4)/15)/2 - 22494/2070. Determine b(l).
-49
Let r(a) be the second derivative of -a**7/840 + a**6/40 + 11*a**5/120 - a**4/8 - 88*a**3/3 - 4*a + 2. Let g(k) be the second derivative of r(k). What is g(10)?
7
Let t(c) be the first derivative of c**2/2 + 9*c - 5478. Let y be (0 - -2)/(6/(-24)). Determine t(y).
1
Let m(z) = 2*z**2 - 8*z + 6. Let u(t) = 2*t**3 + t**2. Let v be u(1). Suppose 2*x + 18 = 2*r, v*r = 5*x + 24 + 11. Let s be 1/(2/x) - -7. Calculate m(s).
16
Let c be 2/(0 + (-8)/(-12)) - 4. Let h be 363/(-99)*(2 - c). Let u(b) = 0*b**3 + b**3 + 7 + 10*b**2 + 5 - 10*b. Determine u(h).
1
Let j(z) be the third derivative of z**6/120 + 7*z**5/60 - z**4/4 + 11*z**3/2 - 27*z**2 + 2*z. Give j(-8).
17
Let a(q) = -3*q + 29. Let w be a(9). Suppose 3*r = -c - 6 + 24, -3*r - 18 = -w*c. Let j = c - 14. Let z(h) = h**3 + 4*h**2 + 4*h + 2. Give z(j).
2
Let c be (-518)/(-14) + -17 - 13. Let v(p) be the first derivative of 3*p**2/2 - 8*p + 2. What is v(c)?
13
Let p be -4 + (-34)/(-10) + (-348)/20. Let q be (63/p)/((-2)/4). Let t(c) = c**3 - 8*c**2 + 6*c + 4. Calculate t(q).
-3
Let y(m) = -4*m**2 - 3*m - 1. Suppose 3*k = -3*z + 17 + 1, 3*k - 5*z + 22 = 0. Let p be (4/(-18))/k - (-48)/(-27). Determine y(p).
-11
Let d(l) be the second derivative of 5/12*l**4 - 1/6*l**3 + l + 1/20*l**5 - 7/2*l**2 - 128. Let c = 0 - 5. Give d(c).
-2
Let x(o) = -6*o**3 - 4*o**3 + 45 + 4*o**2 + 11*o**3 + 9*o**3 - 16*o - 11*o**3. Determine x(3).
6
Suppose 0 = 5*x + 5*m - 28 + 88, -x = 2*m + 18. Let a(u) be the third derivative of u**6/120 + u**5/10 + u**4/24 - 2*u**3/3 + u**2. Determine a(x).
-10
Let f(d) = 7*d**3 - 6*d**2 - 12*d + 6. Let g(u) = u**3 - u. Let y(c) = f(c) - 6*g(c). Give y(6).
-30
Let s